{"id":38,"date":"2020-11-14T17:56:25","date_gmt":"2020-11-14T16:56:25","guid":{"rendered":"http:\/\/mineralozen.com\/?page_id=38"},"modified":"2022-07-24T20:49:13","modified_gmt":"2022-07-24T18:49:13","slug":"blog-2","status":"publish","type":"page","link":"https:\/\/mineralozen.com\/index.php\/blog-2\/","title":{"rendered":"Avis"},"content":{"rendered":"\n<p><\/p>\n\n\n<h3 style=\"text-align: center;\"><strong>Avis des clients<\/strong><\/h3>\n\n\n<div class=\"wp-block-jetpack-tiled-gallery aligncenter is-style-rectangular has-rounded-corners-20\"><div class=\"tiled-gallery__gallery\"><div class=\"tiled-gallery__row\"><div class=\"tiled-gallery__col\" style=\"flex-basis:50.31859%\"><figure class=\"tiled-gallery__item\"><img decoding=\"async\" srcset=\"https:\/\/i2.wp.com\/mineralozen.com\/wp-content\/uploads\/2022\/07\/Avis-Angie-778x1024.jpg?strip=info&#038;w=600 600w,https:\/\/i2.wp.com\/mineralozen.com\/wp-content\/uploads\/2022\/07\/Avis-Angie-778x1024.jpg?strip=info&#038;w=828 828w\" alt=\"\" data-height=\"1090\" data-id=\"1385\" data-link=\"http:\/\/mineralozen.com\/index.php\/blog-2\/avis-angie\/\" data-url=\"http:\/\/mineralozen.com\/wp-content\/uploads\/2022\/07\/Avis-Angie-778x1024.jpg\" data-width=\"828\" src=\"https:\/\/i2.wp.com\/mineralozen.com\/wp-content\/uploads\/2022\/07\/Avis-Angie-778x1024.jpg\" data-amp-layout=\"responsive\"\/><\/figure><\/div><div class=\"tiled-gallery__col\" style=\"flex-basis:49.68141%\"><figure class=\"tiled-gallery__item\"><img decoding=\"async\" srcset=\"https:\/\/i1.wp.com\/mineralozen.com\/wp-content\/uploads\/2022\/07\/Avis-Angie-2-768x1024.jpg?strip=info&#038;w=600 600w,https:\/\/i1.wp.com\/mineralozen.com\/wp-content\/uploads\/2022\/07\/Avis-Angie-2-768x1024.jpg?strip=info&#038;w=900 900w,https:\/\/i1.wp.com\/mineralozen.com\/wp-content\/uploads\/2022\/07\/Avis-Angie-2-768x1024.jpg?strip=info&#038;w=1200 1200w,https:\/\/i1.wp.com\/mineralozen.com\/wp-content\/uploads\/2022\/07\/Avis-Angie-2-768x1024.jpg?strip=info&#038;w=1500 1500w,https:\/\/i1.wp.com\/mineralozen.com\/wp-content\/uploads\/2022\/07\/Avis-Angie-2-768x1024.jpg?strip=info&#038;w=1536 1536w\" alt=\"\" data-height=\"2048\" data-id=\"1386\" data-link=\"http:\/\/mineralozen.com\/index.php\/blog-2\/avis-angie-2\/\" data-url=\"http:\/\/mineralozen.com\/wp-content\/uploads\/2022\/07\/Avis-Angie-2-768x1024.jpg\" data-width=\"1536\" src=\"https:\/\/i1.wp.com\/mineralozen.com\/wp-content\/uploads\/2022\/07\/Avis-Angie-2-768x1024.jpg\" data-amp-layout=\"responsive\"\/><\/figure><\/div><\/div><\/div><\/div>\n\n\n\n<div class=\"wp-block-jetpack-tiled-gallery aligncenter is-style-rectangular has-rounded-corners-20\"><div class=\"tiled-gallery__gallery\"><div class=\"tiled-gallery__row\"><div class=\"tiled-gallery__col\" style=\"flex-basis:55.97408%\"><figure class=\"tiled-gallery__item\"><img decoding=\"async\" srcset=\"https:\/\/i2.wp.com\/mineralozen.com\/wp-content\/uploads\/2022\/07\/Christine-laporte-avis.jpg?strip=info&#038;w=600 600w,https:\/\/i2.wp.com\/mineralozen.com\/wp-content\/uploads\/2022\/07\/Christine-laporte-avis.jpg?strip=info&#038;w=828 828w\" alt=\"\" data-height=\"868\" data-id=\"1387\" data-link=\"http:\/\/mineralozen.com\/index.php\/blog-2\/christine-laporte-avis\/\" data-url=\"http:\/\/mineralozen.com\/wp-content\/uploads\/2022\/07\/Christine-laporte-avis.jpg\" data-width=\"828\" src=\"https:\/\/i2.wp.com\/mineralozen.com\/wp-content\/uploads\/2022\/07\/Christine-laporte-avis.jpg\" data-amp-layout=\"responsive\"\/><\/figure><\/div><div class=\"tiled-gallery__col\" style=\"flex-basis:44.02592%\"><figure class=\"tiled-gallery__item\"><img decoding=\"async\" srcset=\"https:\/\/i2.wp.com\/mineralozen.com\/wp-content\/uploads\/2022\/07\/Christine-laporte-768x1024.jpg?strip=info&#038;w=600 600w,https:\/\/i2.wp.com\/mineralozen.com\/wp-content\/uploads\/2022\/07\/Christine-laporte-768x1024.jpg?strip=info&#038;w=900 900w,https:\/\/i2.wp.com\/mineralozen.com\/wp-content\/uploads\/2022\/07\/Christine-laporte-768x1024.jpg?strip=info&#038;w=1200 1200w,https:\/\/i2.wp.com\/mineralozen.com\/wp-content\/uploads\/2022\/07\/Christine-laporte-768x1024.jpg?strip=info&#038;w=1500 1500w,https:\/\/i2.wp.com\/mineralozen.com\/wp-content\/uploads\/2022\/07\/Christine-laporte-768x1024.jpg?strip=info&#038;w=1536 1536w\" alt=\"\" data-height=\"2048\" data-id=\"1388\" data-link=\"http:\/\/mineralozen.com\/index.php\/blog-2\/christine-laporte\/\" data-url=\"http:\/\/mineralozen.com\/wp-content\/uploads\/2022\/07\/Christine-laporte-768x1024.jpg\" data-width=\"1536\" src=\"https:\/\/i2.wp.com\/mineralozen.com\/wp-content\/uploads\/2022\/07\/Christine-laporte-768x1024.jpg\" data-amp-layout=\"responsive\"\/><\/figure><\/div><\/div><\/div><\/div>\n\n\n<p style=\"text-align: center;\">Bracelet Chemin de Vie + \u00e9nerg\u00e9tique pour la belle m\u00e8re de Christine Laporte<\/p>\n\n\n<div class=\"wp-block-jetpack-tiled-gallery aligncenter is-style-rectangular has-rounded-corners-20\"><div class=\"tiled-gallery__gallery\"><div class=\"tiled-gallery__row\"><div class=\"tiled-gallery__col\" style=\"flex-basis:100.00000%\"><figure class=\"tiled-gallery__item\"><img decoding=\"async\" srcset=\"https:\/\/i0.wp.com\/mineralozen.com\/wp-content\/uploads\/2022\/07\/avis-oceane.jpg?strip=info&#038;w=600 600w,https:\/\/i0.wp.com\/mineralozen.com\/wp-content\/uploads\/2022\/07\/avis-oceane.jpg?strip=info&#038;w=620 620w\" alt=\"\" data-height=\"960\" data-id=\"1384\" data-link=\"http:\/\/mineralozen.com\/index.php\/blog-2\/avis-oceane\/\" data-url=\"http:\/\/mineralozen.com\/wp-content\/uploads\/2022\/07\/avis-oceane.jpg\" data-width=\"620\" src=\"https:\/\/i0.wp.com\/mineralozen.com\/wp-content\/uploads\/2022\/07\/avis-oceane.jpg\" data-amp-layout=\"responsive\"\/><\/figure><\/div><\/div><\/div><\/div>\n\n\n\n<div class=\"wp-block-jetpack-tiled-gallery aligncenter is-style-rectangular has-rounded-corners-20\"><div class=\"tiled-gallery__gallery\"><div class=\"tiled-gallery__row\"><div class=\"tiled-gallery__col\" style=\"flex-basis:100.00000%\"><figure class=\"tiled-gallery__item\"><img decoding=\"async\" srcset=\"https:\/\/i1.wp.com\/mineralozen.com\/wp-content\/uploads\/2022\/07\/Avis-stephanie.jpg?strip=info&#038;w=600 600w,https:\/\/i1.wp.com\/mineralozen.com\/wp-content\/uploads\/2022\/07\/Avis-stephanie.jpg?strip=info&#038;w=828 828w\" alt=\"\" data-height=\"739\" data-id=\"1382\" data-link=\"http:\/\/mineralozen.com\/index.php\/blog-2\/avis-stephanie\/\" data-url=\"http:\/\/mineralozen.com\/wp-content\/uploads\/2022\/07\/Avis-stephanie.jpg\" data-width=\"828\" src=\"https:\/\/i1.wp.com\/mineralozen.com\/wp-content\/uploads\/2022\/07\/Avis-stephanie.jpg\" data-amp-layout=\"responsive\"\/><\/figure><\/div><\/div><\/div><\/div>\n\n\n\n<div class=\"wp-block-group\"><div class=\"wp-block-group__inner-container is-layout-flow wp-block-group-is-layout-flow\"><\/div><\/div>\n\n\n\n<div class=\"wp-block-group\"><div class=\"wp-block-group__inner-container is-layout-flow wp-block-group-is-layout-flow\"><\/div><\/div>\n\n\n\n<div class=\"wp-block-jetpack-tiled-gallery aligncenter is-style-square\"><div class=\"tiled-gallery__gallery\"><div class=\"tiled-gallery__row columns-2\"><div class=\"tiled-gallery__col\"><figure class=\"tiled-gallery__item\"><img decoding=\"async\" srcset=\"https:\/\/i1.wp.com\/mineralozen.com\/wp-content\/uploads\/2020\/12\/IMG_5745-1.jpg?resize=600,600&#038;strip=info 600w,https:\/\/i1.wp.com\/mineralozen.com\/wp-content\/uploads\/2020\/12\/IMG_5745-1.jpg?resize=828,828&#038;strip=info 828w\" alt=\"\" data-height=\"1299\" data-id=\"469\" data-link=\"http:\/\/mineralozen.com\/index.php\/page-daccueil\/blog\/img_5745-1\/\" data-url=\"http:\/\/mineralozen.com\/wp-content\/uploads\/2020\/12\/IMG_5745-1.jpg\" data-width=\"828\" src=\"https:\/\/i1.wp.com\/mineralozen.com\/wp-content\/uploads\/2020\/12\/IMG_5745-1.jpg?resize=828%2C828\" layout=\"responsive\"\/><\/figure><\/div><div class=\"tiled-gallery__col\"><figure class=\"tiled-gallery__item\"><img decoding=\"async\" srcset=\"https:\/\/i0.wp.com\/mineralozen.com\/wp-content\/uploads\/2020\/12\/IMG_5686.jpg?resize=600,600&#038;strip=info 600w,https:\/\/i0.wp.com\/mineralozen.com\/wp-content\/uploads\/2020\/12\/IMG_5686.jpg?resize=828,828&#038;strip=info 828w\" alt=\"\" data-height=\"1283\" data-id=\"467\" data-link=\"http:\/\/mineralozen.com\/index.php\/page-daccueil\/blog\/img_5686\/\" data-url=\"http:\/\/mineralozen.com\/wp-content\/uploads\/2020\/12\/IMG_5686.jpg\" data-width=\"828\" src=\"https:\/\/i0.wp.com\/mineralozen.com\/wp-content\/uploads\/2020\/12\/IMG_5686.jpg?resize=828%2C828\" layout=\"responsive\"\/><\/figure><\/div><\/div><\/div><\/div>\n\n\n<h3 style=\"text-align: center;\"><strong>Bracelet en Turquoise Africaine pour Oc\u00e9anne<\/strong><\/h3>","protected":false},"excerpt":{"rendered":"<p>Avis des clients Bracelet Chemin de Vie + \u00e9nerg\u00e9tique pour la belle m\u00e8re de Christine Laporte Bracelet en Turquoise Africaine pour Oc\u00e9anne<\/p>\n","protected":false},"author":1,"featured_media":0,"parent":0,"menu_order":0,"comment_status":"closed","ping_status":"closed","template":"","meta":{"footnotes":""},"class_list":["post-38","page","type-page","status-publish","hentry"],"jetpack_sharing_enabled":true,"_links":{"self":[{"href":"https:\/\/mineralozen.com\/index.php\/wp-json\/wp\/v2\/pages\/38","targetHints":{"allow":["GET"]}}],"collection":[{"href":"https:\/\/mineralozen.com\/index.php\/wp-json\/wp\/v2\/pages"}],"about":[{"href":"https:\/\/mineralozen.com\/index.php\/wp-json\/wp\/v2\/types\/page"}],"author":[{"embeddable":true,"href":"https:\/\/mineralozen.com\/index.php\/wp-json\/wp\/v2\/users\/1"}],"replies":[{"embeddable":true,"href":"https:\/\/mineralozen.com\/index.php\/wp-json\/wp\/v2\/comments?post=38"}],"version-history":[{"count":9,"href":"https:\/\/mineralozen.com\/index.php\/wp-json\/wp\/v2\/pages\/38\/revisions"}],"predecessor-version":[{"id":1393,"href":"https:\/\/mineralozen.com\/index.php\/wp-json\/wp\/v2\/pages\/38\/revisions\/1393"}],"wp:attachment":[{"href":"https:\/\/mineralozen.com\/index.php\/wp-json\/wp\/v2\/media?parent=38"}],"curies":[{"name":"wp","href":"https:\/\/api.w.org\/{rel}","templated":true}]}}