{"id":1004,"date":"2022-05-08T21:31:06","date_gmt":"2022-05-08T19:31:06","guid":{"rendered":"http:\/\/mineralozen.com\/?post_type=product&#038;p=1004"},"modified":"2024-03-01T17:19:08","modified_gmt":"2024-03-01T16:19:08","slug":"bracelet-collection-gaya-energie","status":"publish","type":"product","link":"https:\/\/mineralozen.com\/index.php\/produit\/bracelet-collection-gaya-energie\/","title":{"rendered":"Bracelet collection \u00ab\u00a0Gaya\u00a0\u00bb Energie"},"content":{"rendered":"<h3 style=\"text-align: center;\"><strong>Bracelet collection \u00ab Gaya \u00bb Energie.<\/strong><\/h3>\n<p style=\"text-align: center;\"><strong>Bracelet en Oeil de Tigre, Oeil de Fer et Pierre de Lave de 10mm mont\u00e9es sur chaine en argent.<\/strong><\/p>\n<p style=\"text-align: center;\">Ce Bracelet combine les bienfaits \u00e9nergisants et protecteurs de l&rsquo;oeil de Fer et de Taureau et les bienfait calmant et stabilisateur de la Pierre de Lave. Il vous prot\u00e9gera des \u00e9nergies n\u00e9gative, vous revitalisera et vous donnera force et courage.<\/p>\n<p style=\"text-align: center;\">Les pierres sont mont\u00e9es sur une chaine en argent. Les perles sont s\u00e9par\u00e9es par une perle \u00e9galement en argent.<\/p>\n<p style=\"text-align: center;\">Le bracelet est r\u00e9glable de 16 \u00e0 21cm de tour de poign\u00e9e.<\/p>\n<p style=\"text-align: center;\">Il est disponible en 2 mod\u00e8les.<\/p>\n<p style=\"text-align: center;\"><strong>Chaque bijou en argent est livr\u00e9 avec sa boite de rechargement.<\/strong><\/p>\n","protected":false},"excerpt":{"rendered":"<p>Bracelet en Oeil de Taureau, Oeil de Fer et Pierre de Lave naturelles mont\u00e9es sur argent 925.<\/p>\n","protected":false},"featured_media":1005,"comment_status":"open","ping_status":"closed","template":"","meta":[],"product_brand":[],"product_cat":[153,15,74],"product_tag":[63,86,80,77,87,66,88],"class_list":{"0":"post-1004","1":"product","2":"type-product","3":"status-publish","4":"has-post-thumbnail","6":"product_cat-bijoux","7":"product_cat-non-classe","8":"product_cat-bracelets-gamme-precieuse","9":"product_tag-bracelet","10":"product_tag-energie","11":"product_tag-gaya","12":"product_tag-lithotherapie","13":"product_tag-oeil-de-taureau","14":"product_tag-oeil-de-tigre","15":"product_tag-pierre-de-lave","16":"product_shipping_class-colissimo","17":"pa_modele-modele-1","18":"pa_modele-modele-2","20":"first","21":"instock","22":"shipping-taxable","23":"purchasable","24":"product-type-variable"},"jetpack_sharing_enabled":true,"_links":{"self":[{"href":"https:\/\/mineralozen.com\/index.php\/wp-json\/wp\/v2\/product\/1004","targetHints":{"allow":["GET"]}}],"collection":[{"href":"https:\/\/mineralozen.com\/index.php\/wp-json\/wp\/v2\/product"}],"about":[{"href":"https:\/\/mineralozen.com\/index.php\/wp-json\/wp\/v2\/types\/product"}],"replies":[{"embeddable":true,"href":"https:\/\/mineralozen.com\/index.php\/wp-json\/wp\/v2\/comments?post=1004"}],"wp:featuredmedia":[{"embeddable":true,"href":"https:\/\/mineralozen.com\/index.php\/wp-json\/wp\/v2\/media\/1005"}],"wp:attachment":[{"href":"https:\/\/mineralozen.com\/index.php\/wp-json\/wp\/v2\/media?parent=1004"}],"wp:term":[{"taxonomy":"product_brand","embeddable":true,"href":"https:\/\/mineralozen.com\/index.php\/wp-json\/wp\/v2\/product_brand?post=1004"},{"taxonomy":"product_cat","embeddable":true,"href":"https:\/\/mineralozen.com\/index.php\/wp-json\/wp\/v2\/product_cat?post=1004"},{"taxonomy":"product_tag","embeddable":true,"href":"https:\/\/mineralozen.com\/index.php\/wp-json\/wp\/v2\/product_tag?post=1004"}],"curies":[{"name":"wp","href":"https:\/\/api.w.org\/{rel}","templated":true}]}}