{"id":247,"date":"2020-11-18T07:05:05","date_gmt":"2020-11-18T06:05:05","guid":{"rendered":"http:\/\/mineralozen.com\/?post_type=product&#038;p=247"},"modified":"2024-03-01T17:32:14","modified_gmt":"2024-03-01T16:32:14","slug":"carte-cadeaux","status":"publish","type":"product","link":"https:\/\/mineralozen.com\/index.php\/produit\/carte-cadeaux\/","title":{"rendered":"Carte cadeaux"},"content":{"rendered":"<p>Carte cadeau pour l&rsquo;achat d&rsquo;un bijou personnalis\u00e9 en pierres naturelle.<\/p>\n<p>Un code personnalis\u00e9 vous sera fourni apr\u00e8s l&rsquo;achat.<\/p>\n<p>(Etude personnalis\u00e9 comprise)<\/p>\n","protected":false},"excerpt":{"rendered":"<p>Carte cadeau pour l&rsquo;achat d&rsquo;un bijou personnalis\u00e9 en pierres naturelle. Un code personnalis\u00e9 vous sera fourni apr\u00e8s l&rsquo;achat. (Etude personnalis\u00e9 comprise)<\/p>\n","protected":false},"featured_media":254,"comment_status":"open","ping_status":"closed","template":"","meta":[],"product_brand":[],"product_cat":[15,154],"product_tag":[],"class_list":{"0":"post-247","1":"product","2":"type-product","3":"status-publish","4":"has-post-thumbnail","6":"product_cat-non-classe","7":"product_cat-cartes-cadeaux","8":"pa_montant-10e","9":"pa_montant-20e","10":"pa_montant-30e","11":"pa_montant-40e","12":"pa_montant-50e","13":"pa_montant-60e","15":"first","16":"instock","17":"featured","18":"purchasable","19":"product-type-variable"},"jetpack_sharing_enabled":true,"_links":{"self":[{"href":"https:\/\/mineralozen.com\/index.php\/wp-json\/wp\/v2\/product\/247","targetHints":{"allow":["GET"]}}],"collection":[{"href":"https:\/\/mineralozen.com\/index.php\/wp-json\/wp\/v2\/product"}],"about":[{"href":"https:\/\/mineralozen.com\/index.php\/wp-json\/wp\/v2\/types\/product"}],"replies":[{"embeddable":true,"href":"https:\/\/mineralozen.com\/index.php\/wp-json\/wp\/v2\/comments?post=247"}],"wp:featuredmedia":[{"embeddable":true,"href":"https:\/\/mineralozen.com\/index.php\/wp-json\/wp\/v2\/media\/254"}],"wp:attachment":[{"href":"https:\/\/mineralozen.com\/index.php\/wp-json\/wp\/v2\/media?parent=247"}],"wp:term":[{"taxonomy":"product_brand","embeddable":true,"href":"https:\/\/mineralozen.com\/index.php\/wp-json\/wp\/v2\/product_brand?post=247"},{"taxonomy":"product_cat","embeddable":true,"href":"https:\/\/mineralozen.com\/index.php\/wp-json\/wp\/v2\/product_cat?post=247"},{"taxonomy":"product_tag","embeddable":true,"href":"https:\/\/mineralozen.com\/index.php\/wp-json\/wp\/v2\/product_tag?post=247"}],"curies":[{"name":"wp","href":"https:\/\/api.w.org\/{rel}","templated":true}]}}