{"id":2992,"date":"2024-03-10T14:33:44","date_gmt":"2024-03-10T13:33:44","guid":{"rendered":"https:\/\/mineralozen.com\/?post_type=product&#038;p=2992"},"modified":"2024-03-18T13:10:55","modified_gmt":"2024-03-18T12:10:55","slug":"collier-porte-pierre-roulee-en-argent-925","status":"publish","type":"product","link":"https:\/\/mineralozen.com\/index.php\/produit\/collier-porte-pierre-roulee-en-argent-925\/","title":{"rendered":"Collier porte pierre roul\u00e9e en argent 925"},"content":{"rendered":"<h1 style=\"text-align: center;\"><strong>Collier porte pierre interchangeable en argent 925<\/strong><\/h1>\n<p style=\"text-align: center;\">Magnifique collier en argent 925 r\u00e9glable enti\u00e8rement fait main orn\u00e9e d&rsquo;une perle en argent.<\/p>\n<p style=\"text-align: center;\">Il vous permet de porter vos pierres roul\u00e9es et de les changer autant que vous le souhaiter au gr\u00e9 de vos envies !<\/p>\n<p style=\"text-align: center;\">S\u00e9lectionner votre collier avec la pierre de votre choix ou le collier seul.<\/p>\n<p style=\"text-align: center;\">.Vous pouvez s\u00e9lectionner des <a href=\"https:\/\/mineralozen.com\/index.php\/produit\/pierres-roulees\/\">pierres roul\u00e9<\/a><a href=\"https:\/\/mineralozen.com\/index.php\/produit\/pierres-roulees\/\">es suppl\u00e9mentaires ici <\/a><\/p>\n<p style=\"text-align: center;\">\u00a0 (attention les pierres sont de taille diff\u00e9rentes)<\/p>\n<p style=\"text-align: center;\"><strong>Plusieurs tailles disponibles !<\/strong><\/p>\n<p style=\"text-align: center;\">S\/M = Pour les pierres allant de 15 \u00e0 30mm<\/p>\n<p style=\"text-align: center;\">L= Pour les pierres allant de 30 \u00e0 40mm<\/p>\n","protected":false},"excerpt":{"rendered":"<p>Collier porte pierre interchangeable en argent 925 Magnifique collier en argent 925 r\u00e9glable enti\u00e8rement fait main orn\u00e9e d&rsquo;une perle en argent. Il vous permet de porter vos pierres roul\u00e9es et de les changer autant que vous le souhaiter au gr\u00e9 de vos envies ! S\u00e9lectionner votre collier avec la pierre de votre choix ou le [&hellip;]<\/p>\n","protected":false},"featured_media":3025,"comment_status":"open","ping_status":"closed","template":"","meta":[],"product_brand":[],"product_cat":[15,21,99],"product_tag":[],"class_list":{"0":"post-2992","1":"product","2":"type-product","3":"status-publish","4":"has-post-thumbnail","6":"product_cat-non-classe","7":"product_cat-colliers","8":"product_cat-gamme-precieuse-gamme-precieuse","9":"product_shipping_class-colissimo","10":"pa_taille-l-pierre-de-30-a-40-mm","11":"pa_taille-s-m-pierre-de-15-a-30","13":"first","14":"instock","15":"shipping-taxable","16":"purchasable","17":"product-type-variable"},"jetpack_sharing_enabled":true,"_links":{"self":[{"href":"https:\/\/mineralozen.com\/index.php\/wp-json\/wp\/v2\/product\/2992","targetHints":{"allow":["GET"]}}],"collection":[{"href":"https:\/\/mineralozen.com\/index.php\/wp-json\/wp\/v2\/product"}],"about":[{"href":"https:\/\/mineralozen.com\/index.php\/wp-json\/wp\/v2\/types\/product"}],"replies":[{"embeddable":true,"href":"https:\/\/mineralozen.com\/index.php\/wp-json\/wp\/v2\/comments?post=2992"}],"wp:featuredmedia":[{"embeddable":true,"href":"https:\/\/mineralozen.com\/index.php\/wp-json\/wp\/v2\/media\/3025"}],"wp:attachment":[{"href":"https:\/\/mineralozen.com\/index.php\/wp-json\/wp\/v2\/media?parent=2992"}],"wp:term":[{"taxonomy":"product_brand","embeddable":true,"href":"https:\/\/mineralozen.com\/index.php\/wp-json\/wp\/v2\/product_brand?post=2992"},{"taxonomy":"product_cat","embeddable":true,"href":"https:\/\/mineralozen.com\/index.php\/wp-json\/wp\/v2\/product_cat?post=2992"},{"taxonomy":"product_tag","embeddable":true,"href":"https:\/\/mineralozen.com\/index.php\/wp-json\/wp\/v2\/product_tag?post=2992"}],"curies":[{"name":"wp","href":"https:\/\/api.w.org\/{rel}","templated":true}]}}