{"id":385,"date":"2020-12-01T19:54:51","date_gmt":"2020-12-01T18:54:51","guid":{"rendered":"http:\/\/mineralozen.com\/?post_type=product&#038;p=385"},"modified":"2025-02-04T16:51:44","modified_gmt":"2025-02-04T15:51:44","slug":"bague-collection-kopan-ovale-en-chrysocolle","status":"publish","type":"product","link":"https:\/\/mineralozen.com\/index.php\/produit\/bague-collection-kopan-ovale-en-chrysocolle\/","title":{"rendered":"Bague collection \u00ab\u00a0kopan\u00a0\u00bb ovale en Chrysocolle"},"content":{"rendered":"<h3 style=\"text-align: center;\"><strong>Bague collection \u00ab\u00a0Kopan\u00a0\u00bb en Chrysocolle.<\/strong><\/h3>\n<p style=\"text-align: center;\">Pierre\u00a0ovale dede 13mm x 18 mm. Bague r\u00e9glable en argent 925.<\/p>\n<p style=\"text-align: center;\">Vertus : Pierre de r\u00e9confort. Elle aide \u00e0 la compr\u00e9hension et \u00e0 la tol\u00e9rance. Apaise la jalousie et le ressentiment. Elle lib\u00e8re des influences ext\u00e9rieures n\u00e9gatives. Elle est excellente pour la cr\u00e9ativit\u00e9. Elle aide au dialogue, \u00e0 surmonter le stress, les phobies, les tensions&#8230;<\/p>\n<p style=\"text-align: center;\">Favorise la digestion et le m\u00e9tabolisme. B\u00e9n\u00e9fique pour les articulations, muscles, et poumons. Apaise les douleurs aux dos.<\/p>\n<p style=\"text-align: center;\">Signe Astrologique : G\u00e9meaux, Balance, Sagitaire,Taureau, vierge.<\/p>\n<p style=\"text-align: center;\">Chakra coeur, gorge<\/p>\n<p style=\"text-align: center;\"><strong>Autres pierres disponibles sur demande.<\/strong><\/p>\n","protected":false},"excerpt":{"rendered":"<h3><strong>Bague collection \u00ab\u00a0Kopan\u00a0\u00bb en Chrysocolle.<\/strong><\/h3>\n<p>Pierre\u00a0ovale dede 13mm x 18 mm. Bague r\u00e9glable en argent 925.<\/p>\n<p>Vertus : Pierre de r\u00e9confort. Elle aide \u00e0 la compr\u00e9hension et \u00e0 la tol\u00e9rance. Apaise la jalousie et le ressentiment. Elle lib\u00e8re des influences ext\u00e9rieures n\u00e9gatives. Elle est excellente pour la cr\u00e9ativit\u00e9. Elle aide au dialogue, \u00e0 surmonter le stress, les phobies, les tensions&#8230;<\/p>\n<p>Favorise la digestion et le m\u00e9tabolisme. B\u00e9n\u00e9fique pour les articulations, muscles, et poumons. Apaise les douleurs aux dos.<\/p>\n<p>Signe Astrologique : G\u00e9meaux, Balance, Sagitaire,Taureau, vierge.<\/p>\n<p>Chakra coeur, gorge<\/p>\n<p><strong>Autres pierres disponibles sur demande.<\/strong><\/p>\n","protected":false},"featured_media":378,"comment_status":"open","ping_status":"closed","template":"","meta":[],"product_brand":[],"product_cat":[51,153,15],"product_tag":[55,57,56,58],"class_list":{"0":"post-385","1":"product","2":"type-product","3":"status-publish","4":"has-post-thumbnail","6":"product_cat-bagues","7":"product_cat-bijoux","8":"product_cat-non-classe","9":"product_tag-bague","10":"product_tag-bijoux","11":"product_tag-chrysocolle","12":"product_tag-pierres-naturelles","13":"product_shipping_class-colissimo","15":"first","16":"outofstock","17":"purchasable","18":"product-type-simple"},"jetpack_sharing_enabled":true,"_links":{"self":[{"href":"https:\/\/mineralozen.com\/index.php\/wp-json\/wp\/v2\/product\/385","targetHints":{"allow":["GET"]}}],"collection":[{"href":"https:\/\/mineralozen.com\/index.php\/wp-json\/wp\/v2\/product"}],"about":[{"href":"https:\/\/mineralozen.com\/index.php\/wp-json\/wp\/v2\/types\/product"}],"replies":[{"embeddable":true,"href":"https:\/\/mineralozen.com\/index.php\/wp-json\/wp\/v2\/comments?post=385"}],"wp:featuredmedia":[{"embeddable":true,"href":"https:\/\/mineralozen.com\/index.php\/wp-json\/wp\/v2\/media\/378"}],"wp:attachment":[{"href":"https:\/\/mineralozen.com\/index.php\/wp-json\/wp\/v2\/media?parent=385"}],"wp:term":[{"taxonomy":"product_brand","embeddable":true,"href":"https:\/\/mineralozen.com\/index.php\/wp-json\/wp\/v2\/product_brand?post=385"},{"taxonomy":"product_cat","embeddable":true,"href":"https:\/\/mineralozen.com\/index.php\/wp-json\/wp\/v2\/product_cat?post=385"},{"taxonomy":"product_tag","embeddable":true,"href":"https:\/\/mineralozen.com\/index.php\/wp-json\/wp\/v2\/product_tag?post=385"}],"curies":[{"name":"wp","href":"https:\/\/api.w.org\/{rel}","templated":true}]}}